- (-1638936)/546?
0
Suppose -26*g - 22 = 56. What is the units digit of ((-1766)/3 + g)*-3 + -5?
0
Suppose 3*j - 25098 = -17343 + 45819. What is the units digit of j?
8
Suppose 5*u + 16*z - 12*z = 18607, z = -2. What is the units digit of u?
3
Let c(n) = 12*n**2 - 24*n - 25. Suppose 102 = -18*g - 42. What is the units digit of c(g)?
5
Let g = 26 - -64. Let h = 244 - g. Suppose -23*r + 21*r = -h. What is the tens digit of r?
7
Suppose -3*i + 7 = -8. Suppose -2*p + 0*p + 171 = r, -i*p + 5*r = -435. What is the units digit of p?
6
Suppose -4*q + 4*k = -9680, 0 = 5*k - 18 + 13. What is the tens digit of q?
2
Let p = 163 - 161. Suppose 3*l + p*z - 2687 = -836, 0 = 3*l + 5*z - 1851. What is the tens digit of l?
1
Suppose 3*a - a - 4 = 0. Let p(r) = r**2 - 23*r + 3. Let y be p(23). Suppose y*w + a*w = 4*z + 197, z = 2*w - 80. What is the units digit of w?
1
Suppose 5*h = 4*l - 283297, -112*h - 354065 = -5*l - 117*h. What is the thousands digit of l?
0
Let a = 473 + -594. What is the hundreds digit of -21*(-4)/12 - a?
1
Let u(n) = -25 + 9*n - 4 - 9. Let p(c) = 90*c - 381. Let f(x) = -2*p(x) + 21*u(x). What is the units digit of f(6)?
8
Let x(y) = y + 1. Let f(i) = -i**2 + 23*i + 5. Let m(h) = f(h) - 5*x(h). Let c = 16922 - 16917. What is the units digit of m(c)?
5
Suppose -5*n - 1535 = 3*j, 2*n - 3*n + 2577 = -5*j. Let o = 804 + j. What is the hundreds digit of o?
2
Suppose 5*b = -8*k + 3*k - 51705, -2*k + 5*b = 20682. What is the hundreds digit of k/(-24) - (-1)/8?
4
Let q be (-784)/6*84/(-16). Let x = 686 - 684. Suppose -2*d - 4*r + 352 = 0, x*r - q = -5*d + d. What is the tens digit of d?
7
Let x(b) = b**3 - 4*b**2 + 2*b - 22. Let a be x(5). Suppose a*z - 18*z = -1890. What is the units digit of z?
8
Suppose -a + 4*a = -m - 13488, -13479 = 3*a - 2*m. Suppose -r + 8*y - 5*y - 15 = 0, 5*r + 75 = 2*y. What is the units digit of 12/r - a/25?
9
Let v(a) = a**3 + 14*a**2 - 5*a - 70. Let m be v(-14). Suppose m = 3*k + 6, 0 = -2*w - 2*w - 5*k + 1010. What is the units digit of w?
5
Suppose -3*c + 12 = -2*c. Suppose -62*d + 274*d - 5300 = 0. Let b = d + c. What is the units digit of b?
7
Suppose 1 + 3 = u. Suppose -116*y = 19*y - 675. Suppose -5*p - y*d - 279 = -1164, -362 = -2*p - u*d. What is the units digit of p?
3
Suppose 15*r - 3*r + 48 = 0. What is the hundreds digit of 2 - (201*r - -7)?
7
What is the hundreds digit of 10/2 - (-5398)/4*(-14 - -60)?
0
Suppose 15*y - 7*y - 176127 = -13*y. What is the thousands digit of y?
8
Let a(w) = w**2 + 5*w + 2. Let y be a(-5). What is the hundreds digit of ((-12)/(-4) - y) + 902 - -3?
9
Suppose 2*k - q = -2*k + 12, 0 = 4*k - 5*q - 28. Let g(x) = x**3 + 2 + k*x - 4*x - 25*x**2 + 35*x**2. What is the tens digit of g(-10)?
2
Let t(j) = 10 - 11*j + 41*j - 23*j + 19*j**2. What is the hundreds digit of t(6)?
7
Suppose -3*g + s + 7933 = 0, 14*g + 2*s = 16*g - 5290. What is the tens digit of g?
4
Let j be (1 + 27 - 6) + -6. Let q(k) = k**3 - 13*k**2 - 22*k - 2. What is the hundreds digit of q(j)?
4
Let r(y) = y**2 + 12*y - 41. Let b be r(3). Suppose -3*z + b*a - 716 = -2843, 5*z - 4*a = 3545. What is the tens digit of z?
0
Let q = 9841 - -8397. What is the tens digit of q?
3
Let u = -3149 - -25852. What is the units digit of u?
3
What is the tens digit of 66852/7 + 324/(-1134)?
5
Let w = 700 - -24. What is the tens digit of w?
2
Let y = -8108 - -14052. Let s = y + -4181. What is the units digit of s?
3
Let w = -319 + 485. Let p = -10 + w. What is the hundreds digit of p?
1
Suppose -16 = -3*o + c, 2*o - 12 = -9*c + 11*c. Suppose 0 = 2*i - o*i + 1944. What is the hundreds digit of i?
6
Let k = 25305 + -12921. What is the units digit of k?
4
Let t(s) = 43*s**2 + 201*s - 630. What is the thousands digit of t(34)?
5
Let h be (140/(-30))/(6/9 + -1). What is the tens digit of h/(-4) + (-97216)/(-128)?
5
Suppose 0 = 3*g - 44925 - 10983. What is the hundreds digit of g?
6
Let o(v) = 2141*v**2 + 6*v + 23. What is the thousands digit of o(3)?
9
Let m be 1/2 + 30/20. Let i be (-5)/1*(3 + 36/(-10)). Suppose -3*u = 5*z + m*u - 715, -u - 409 = -i*z. What is the tens digit of z?
3
Let p be 12/(-8) + 2 - (-42)/(-4). Let x be (p + 14)*(0 + (-5)/(-4)). Suppose 0 = x*f - 44 - 271. What is the tens digit of f?
6
Let m(z) = -174*z**2 - 2. Let o be m(2). Let g be -2 - 18 - (-20735)/(-55). Let r = g - o. What is the hundreds digit of r?
3
Let z = -3081 - -6116. What is the units digit of z?
5
Suppose 0 = 4*i - 2*p + 7*p + 33, -2*i - 4*p = 24. Let a = 74 + -88. What is the units digit of a*2/(-4) + 0/i?
7
Let y = 910 - -3596. What is the tens digit of y?
0
Let a(f) = -6 + f**3 - 24*f - 2 - 25*f**2 + 25. What is the units digit of a(26)?
9
Suppose 4*c - 3*k - 2 - 13 = 0, 5*c - 2*k = 10. Suppose -119*i + 122*i - 5403 = c. What is the thousands digit of i?
1
Let x be (-1)/(1*5/(-10)). Suppose -10 = -x*o, -2*o = -9*h + 7*h - 50. Let b = 34 + h. What is the tens digit of b?
1
Let m(p) be the second derivative of 39*p**3/2 - 3*p**2 - 24*p. Let z be m(1). Suppose 7*c - 456 = z. What is the units digit of c?
1
Let d(a) = 3*a + 26. Let i be d(-8). Suppose 0*v + 3*v = -i*v. Suppose v = 2*b + 5*b - 329. What is the tens digit of b?
4
What is the thousands digit of -8779*(-7 + 5 + (-7)/(-7))?
8
Suppose 8*t + 7457 - 41665 = 0. What is the tens digit of t?
7
Suppose 38*u = -67*u - 906187 + 3469657. What is the thousands digit of u?
4
Let y(x) = -1412*x + 1438. What is the units digit of y(-4)?
6
Suppose 864*z - 32987 = 863*z. What is the ten thousands digit of z?
3
Let k(j) = 2*j + 17. Let y be k(-8). Suppose 5*f - 5 + 10 = -3*i, y = -f. Suppose 129*u - 127*u - 206 = i. What is the tens digit of u?
0
Let c(z) = -4*z**3 - 3*z**2 + 9*z + 19. Let k be c(-3). Suppose 65*f + 9336 = k*f. What is the thousands digit of f?
1
Let j(k) = -270*k - 16. Let b be j(-6). Suppose -331 - b = -5*g. What is the hundreds digit of g?
3
Suppose 3*o - 9*x = -6*x + 21, 2*x = -5*o + 21. Let v(r) = 63*r**2 - 47*r + 251. What is the units digit of v(o)?
1
Let w = 977 - 729. Suppose -252*t + 720 = -w*t. What is the units digit of t?
0
Let o(g) be the first derivative of -23*g**4/24 - 15*g**3/2 + 11*g**2/2 - 43. Let w(n) be the second derivative of o(n). What is the units digit of w(-7)?
6
Suppose -5*i - 146*t + 149*t + 58664 = 0, -4*i + 5*t = -46926. What is the tens digit of i?
3
Let s be (-14)/77 + (-1 - 2697/(-11)). Suppose -s - 161 = -9*j. Suppose 9*o - j = 4*o. What is the units digit of o?
9
Let x(y) be the second derivative of -y**4/3 + 19*y**3/6 + 2*y**2 + 5*y. Let f(a) be the first derivative of x(a). What is the hundreds digit of f(-12)?
1
Suppose 3*z + 20 = 4*b + 7*z, -20 = -4*b + 4*z. Suppose a - 290 = h, b*h + 326 = -5*a + 1806. Suppose 6*r + a = 905. What is the tens digit of r?
0
Let p = 64030 + -40946. What is the hundreds digit of p?
0
Suppose 19*y - 14*y - 25 = 0. Suppose f - 702 = -5*p, -f - f = -y*p + 696. What is the tens digit of p?
4
Let t = 16 - 46. Let c = -30 - t. Suppose c = -2*z + 4*v + 80, -4*z + 200 = z - 3*v. What is the tens digit of z?
4
Let o(h) = -862*h + 934. What is the tens digit of o(-26)?
4
Suppose 21 = -2*i + 35. Suppose -1879 + 626 = -i*k. Suppose 36 - k = -13*t. What is the tens digit of t?
1
Let d(y) = -22023*y - 5397. What is the thousands digit of d(-3)?
0
Suppose 13*b - 1176 = 865. Suppose b - 17 = 2*u. What is the tens digit of u?
7
Suppose 25936 = 85*o - 77*o. What is the tens digit of o?
4
Suppose p - 3*b - 5 = 2*b, -3*p = 4*b + 4. Suppose 4*o + 6*i - 7*i + 67 = p, 5*o = -5*i - 90. Let k = 175 + o. What is the units digit of k?
8
Let c(k) be the third derivative of k**5/20 + k**4/3 + 11*k**3/3 + 13*k**2. Let h be c(-6). Let t = 151 - h. What is the tens digit of t?
6
Let s = 227 + -183. Let p = 362 - s. What is the hundreds digit of p?
3
Suppose -14 = -3*g + 1. Let t(c) = 112*c**3 + 2*c**2 + 92*c**3 + 5 - 203*c**3. What is the units digit of t(g)?
0
Let a = 31604 - 13187. What is the tens digit of a?
1
Let v be (6 + (-27)/5)/(4/20). Suppose -5*y - 4*b + 931 = 0, 3*b = v*y - 477 - 87. What is the tens digit of y?
8
Let o = 55 - 52. Suppose -2*x + 11 = o*c, 4*c - 5*x + 4 = -3*x. What is the units digit of (-3 - -42)*1*(c - 0)?
9
Suppose -7 = t + p + 4*p, -2*p = -5*t + 19. Suppose 2*m + 2*r = 86, -5*m - t*r = -2*r - 199. Suppose 4*o = 4